-2*k**2 + 35*k + 21. Let i be q(18). Let v be i*4/(10 + -2)*20. What is the highest common divisor of 2 and v?
2
Let x(f) be the first derivative of f**4/4 + f**3/3 - 2*f**2 + 66*f - 295. Let q be x(0). Calculate the highest common factor of q and 165.
33
Suppose -741*j = -448*j - 35453. What is the greatest common divisor of 484 and j?
121
Let b be (-4 - -16)/3*((-351)/(-18) + 1). What is the greatest common divisor of 328 and b?
82
Let h(s) = -2*s**3 + 113*s**2 + 103*s - 2605. Let g be h(57). Calculate the highest common divisor of 17 and g.
17
Let n(t) = -12*t**3 + 26*t**2 - 80*t - 904. Let y be n(-10). What is the highest common divisor of y and 96?
96
Let z be (-13161)/(-6) - (1 - 10/4). Suppose 6*d - d = z. Suppose 4*u - d = -5*l + 5*u, 2*u - 90 = -l. Calculate the greatest common divisor of 8 and l.
8
Suppose u - 29 + 11 = 0. Let c = 361 + -778. Let l = c + 462. Calculate the highest common factor of l and u.
9
Let n = 16547 - 16475. Calculate the greatest common factor of n and 459.
9
Suppose s - 9 = -10. Let x be (19 - s)*30/3. What is the highest common factor of 120 and x?
40
Suppose -28*u - 423 = -58579. Calculate the greatest common divisor of 31 and u.
31
Let k(i) = -134*i + 4940. Let d be k(26). What is the greatest common divisor of 896 and d?
112
Let f(i) = -7*i**2 - 241*i - 339. Let k be f(-29). Calculate the greatest common divisor of k and 2398.
109
Let x(y) = 88*y - 1440. Let j be x(23). Calculate the highest common divisor of j and 168.
8
Suppose -2*d = 5*f + 206, -3*f = f - d + 157. Let g be -5 - 13/(26/f)*2. Let l be 7 + 0 + 1 + -1. What is the highest common factor of l and g?
7
Suppose -236*p + 40462 - 16726 + 32432 = 0. What is the highest common divisor of 3451 and p?
119
Suppose 27*a - 2*x = 25*a - 12, 2*a + 3*x = 33. Suppose -3*c + 0*c + 12 = 0. What is the highest common factor of a and c?
1
Let j(f) = -3*f**3 - 23*f**2 + 8*f - 4. Let b be j(-8). Let i be (-19)/(171/24)*219/b. Calculate the highest common factor of 511 and i.
73
Suppose 6*c = -11 + 5. Let v be (15/45)/((c - -3)/264). Suppose 48 - 15 = 3*t. What is the highest common divisor of v and t?
11
Let z(n) = -63*n**2 + 8*n + 7. Let g be z(3). Let j = g - -545. What is the greatest common factor of j and 369?
9
Let q = 152 - 126. Suppose q*a - 33*a = -980. What is the highest common divisor of 56 and a?
28
Let r(y) = -391*y - 2347. Let j be r(-89). Calculate the greatest common factor of j and 19.
19
Let c = -146 + 153. Let a be ((-5)/c)/(-2 + 26/14). What is the greatest common factor of 2 and a?
1
Suppose 0 = 361*c - 2288 - 8542. Calculate the highest common divisor of c and 6650.
10
Let h(j) = -4*j + 164. Let y(c) = -c - 3. Let i(v) = h(v) + 3*y(v). Let m be i(17). What is the highest common divisor of 288 and m?
36
Let c be 2 - 2/7 - (-8)/28. Suppose t - 2*p - 16 - 5 = 0, -t = c*p - 9. Let a be -4*(t - -3)/(3/(-6)). What is the greatest common factor of 36 and a?
36
Suppose -50*l = -17*l - 9504. What is the highest common divisor of l and 9?
9
Let s = -24 - -46. Let y(l) = 66*l**2 - 2*l + 2. Let q be 14 + -10 + (-6)/2. Let a be y(q). Calculate the greatest common divisor of a and s.
22
Let f = 10359 + 169. Suppose 2*g + 14*g - f = 0. What is the highest common factor of 14 and g?
14
Suppose 52*g + 163 + 159 = 59*g. Calculate the highest common divisor of g and 8.
2
Let r be -6 + 2 + (-2520)/10. Let g = 260 + r. Calculate the highest common factor of g and 44.
4
Suppose -3*k + u + 1043 = 0, 2*k + 0*u + u = 692. Suppose -238 = -2*c - 12*b + 10*b, 3*c + 5*b = k. What is the greatest common divisor of 93 and c?
31
Let o(r) = r**2 - 285*r - 6298. Let m be o(-21). Suppose 0 = 5*q, -6*u = -2*u - 4*q - 128. Calculate the greatest common divisor of u and m.
32
Suppose 4*g + q - 174 = 0, 5*q = 4*q - 2. Suppose 225 = -g*a + 59*a. What is the highest common divisor of 6 and a?
3
Let n = 200 - 204. Let f(g) = g**3 + 7*g**2 + 9*g + 4. Let u be f(n). Calculate the greatest common divisor of u and 72.
8
Suppose 0 = 2611*b - 2608*b - 144. Calculate the greatest common divisor of b and 34.
2
Suppose 3*i = -5*b + 610, 641 = 4*i + 3*b - 187. What is the greatest common divisor of i and 20?
10
Suppose -66*s + 1995 = -59*s. Let h = s - -191. Calculate the greatest common divisor of 34 and h.
34
Suppose u = 3*u - 2. Let n(z) = 179*z**3 + 2*z - 1. Let j be n(u). Suppose 76 = 4*p - 4. What is the highest common divisor of j and p?
20
Suppose 75 + 32 = 2*f + 5*i, 0 = -3*f - i + 128. Let h = -37 + f. Calculate the greatest common divisor of 12 and h.
4
Let o be 49/(-98)*(-64)/(-6)*(-966)/4. Calculate the greatest common factor of o and 196.
28
Let o(s) = -1198*s + 11943. Let g be o(9). Let i(l) = 7*l - 1. Let m be i(4). What is the greatest common factor of g and m?
27
Suppose 0*q = -4*q + 12, q = 2*v - 217. Suppose 54*t - 672 = 46*t. Let r = v - t. Calculate the greatest common divisor of 26 and r.
26
Let u(j) = -422*j + 1811. Let b be u(4). What is the highest common divisor of b and 123?
123
Let h = 17 + -12. Suppose -3*j + 280 = h*j. Suppose 38*w - 48 = j*w. Calculate the highest common factor of 48 and w.
16
Let p(q) = -q**3 - 2*q**2 + 2*q - 6. Let w be p(-3). Let r be (-52)/13*6/w. Calculate the greatest common divisor of r and 64.
8
Let r = 1885 - 69. Let w = r + -903. What is the greatest common divisor of 11 and w?
11
Suppose -5*h - 15 = -2*r, -57*r + 59*r = 4*h + 20. What is the highest common divisor of r and 164?
4
Let n be -18*(-13)/(-585) - 154444/(-10). What is the greatest common factor of 117 and n?
117
Let a = 5865 + -5846. What is the greatest common factor of 513 and a?
19
Let i = -228 - -151. Let x = i + 209. What is the highest common divisor of 12 and x?
12
Let f be 19/3 - 6/(-9). Suppose -2*t + f*t - 215 = 0. Let s be 40*((-418)/(-44) + (-10)/(-8)). What is the highest common divisor of t and s?
43
Let g = 11494 + -11398. Calculate the greatest common factor of g and 4096.
32
Let f be (-424 - -427) + 1 + 0. Let j = -1 + 2. Calculate the greatest common divisor of f and j.
1
Let o(b) = 6*b**3 - 3*b**2 - 9*b + 18. Let j be o(3). Let z be (-21)/2*(-32)/48. What is the greatest common divisor of j and z?
7
Let r = -2990 - -3004. Calculate the highest common divisor of 1148 and r.
14
Suppose 14*v = -3*v + 20400. Suppose -5*z + 20*z = v. What is the greatest common factor of 16 and z?
16
Let m = -255 + 430. Let r be 3 - -2*m/14. Calculate the highest common factor of r and 154.
14
Let j = 82966 - 82894. Let x be 3 + -2 - (-394)/2. Calculate the greatest common divisor of j and x.
18
Let v = 16550 - 15847. What is the greatest common factor of 111 and v?
37
Let r(o) = -65*o - 2937. Let k be r(-46). Calculate the highest common divisor of 2 and k.
1
Suppose 40*d - 1610 = -5*y + 36*d, -3*d = -2*y + 621. Calculate the greatest common factor of 1590 and y.
318
Let s be (5 + 38/(-4))/(20/(-12200)). What is the greatest common factor of 36 and s?
9
Suppose y = r + 589, 3*y - 1772 = -r + 3*r. Suppose 4*n - y = 3*p, 5*p + 598 = 4*n - 0*n. Suppose 6*m - n = -m. Calculate the highest common factor of 14 and m.
7
Let i(s) = -935*s + 7490. Let k be i(8). What is the greatest common divisor of 134 and k?
2
Let z(v) = -v**2 + 15*v + 16. Let y = -20 - -34. Let w be z(y). Calculate the greatest common factor of 390 and w.
30
Let b(v) = v**3 - 3*v**2 + 5*v - 19. Let o be b(3). Let u be (52/(-104))/(2/o). Calculate the greatest common divisor of 53 and u.
1
Let n = 32 - 34. Let w be 27/(-9) + (52 - n). Let l = w + -50. Calculate the highest common divisor of 3 and l.
1
Let b be (42/18 - -1)/((-2)/(-3)). Let x be 6/18*3*b. Suppose x*l = 10*l - 135. What is the greatest common factor of 3 and l?
3
Let s = -14927 + 18729. What is the highest common divisor of 2 and s?
2
Let t = -7 + 9. Suppose -4*l = 5*f - 800, -f + 1 + 159 = -t*l. Let v = -2358 + 2378. What is the highest common factor of v and f?
20
Let y = -6771 + 7131. What is the highest common divisor of 1380 and y?
60
Suppose -540799 = -46*r - 19*r - 63179. Calculate the highest common factor of r and 33.
11
Let s(t) = 9*t - 334. Let h be s(76). What is the greatest common divisor of h and 100?
50
Let d be (-3)/((-2)/((-4)/3)). Let k(m) = 11*m**2 - 4*m**2 + 12*m**2 - 5*m**2 + 4*m**2 + 3*m - 2. Let t be k(d). What is the 